 22/(-6). Let i be (-10880)/(-100) - w*(-4)/15. Calculate the highest common divisor of r and i.
12
Suppose 5*r - 11*r = -60. Suppose 0 = -3*l + 2*j + r, 0*l + 15 = l - 3*j. Suppose l = 2*z + 2*z - 72. Calculate the greatest common divisor of 18 and z.
18
Let r(o) = 2*o**2 + 5*o + 1. Let h be r(-2). Let c be (h - (-21)/9)*9/6. Let j(m) = 8*m - 6. Let w be j(c). What is the greatest common divisor of w and 20?
10
Suppose 47*d - 286 - 90 = 0. Suppose -352 = -5*r - 72. What is the greatest common factor of d and r?
8
Let f = 97475 - 61965. What is the greatest common factor of 265 and f?
265
Suppose 1416 = 13*i - 2328. Calculate the greatest common factor of 9 and i.
9
Let m(y) = -1550*y - 7206. Let l be m(-5). What is the highest common factor of l and 102?
34
Suppose 3*b - 246 + 177 = 0. Suppose 504 = -b*m + 65*m. Let n(a) = 4*a**2 + a + 3. Let u be n(-3). Calculate the greatest common divisor of m and u.
12
Let x = -2128 - -2197. Calculate the greatest common factor of x and 943.
23
Suppose 0 = 66*m - 68*m + 6. Let k(x) = -x - 3*x**2 + 3*x**m - 2*x**3 + 7 - 2*x**3 + 2*x**2. Let n be k(-3). Calculate the greatest common factor of 112 and n.
28
Let c be 1/(65/315) + 2/13. Suppose c*s - 4*q - 42 = 161, -4*s = -q - 158. Calculate the highest common factor of 78 and s.
39
Let b = -21285 - -22559. Calculate the highest common factor of 336 and b.
14
Suppose -v = -3*b + 795, -69*v + 68*v = -5*b + 1329. What is the greatest common factor of 1424 and b?
89
Suppose -6487 = -5*o - 3*f, 0 = 5*f - 23 + 3. Calculate the greatest common factor of o and 1505.
35
Let y = 1551 - 1521. Let u = 16 + -10. Let m be (6/4 + 1)*u. What is the highest common divisor of y and m?
15
Suppose 51*j + 55*j - 1378 = 0. Calculate the highest common factor of j and 1417.
13
Suppose 342*d = 348*d - 1488. What is the greatest common divisor of d and 279?
31
Let l(n) = 2*n + 52. Let s be l(13). Let c = -63 + s. Suppose 0 = -5*h + 96 - 21. Calculate the highest common divisor of c and h.
15
Suppose 13*b + 4*y = 9*b + 116, -3*b + 91 = y. Let n = 40 - b. Suppose n*w + 60 = 12*w. What is the highest common divisor of 5 and w?
5
Let l = 51 + -22. Let q be (18 - (-4392)/(-240))*-2*87*15. What is the highest common divisor of l and q?
29
Let v be (-4652)/(-20) + (-72)/120. What is the highest common divisor of 1508 and v?
116
Let n be (-5)/(-2) + (-52)/(-104). Let f be -3*1062/(-24) - n/4. Calculate the highest common divisor of 24 and f.
12
Suppose -17*l - 14*l = -30*l - 4. What is the greatest common divisor of l and 142?
2
Let d = 896 + -805. What is the highest common factor of d and 208?
13
Suppose 0 = -5*o + 22*o + 31552. Let l be (-3)/2*o/87. Let f = 318 + -62. What is the greatest common factor of l and f?
32
Let a(w) = -12*w + 88. Let k be a(14). Let y = 24 - k. What is the greatest common factor of 8 and y?
8
Let r be (-10506)/68*(-1 + (-1)/3). Let i = r + -202. Calculate the greatest common factor of i and 44.
4
Let f be (10/12)/((-20)/(-80))*9. Let y be (-2)/9 + 174/54. Let b be 2/y*(35 - 5). Calculate the greatest common divisor of f and b.
10
Let x = 61 + -54. Suppose x*y - b = 3*y - 924, 1176 = -5*y - 4*b. Let z = -45 - y. Calculate the greatest common divisor of 17 and z.
17
Let t(p) = 2*p + 31. Let y(d) = -19*d - 245. Let k(n) = 51*t(n) + 6*y(n). Let i be k(-2). Calculate the greatest common factor of i and 15.
15
Let g = 23070 - 20420. What is the greatest common divisor of 650 and g?
50
Let p(u) = u**3 - 11*u**2 + 8*u - 6. Let y be p(9). Let r = y + 206. Let h be 4/((-48)/(-22) - 2). Calculate the highest common divisor of r and h.
22
Let r(v) = 9*v**3 - v**2 - 4*v - 24. Let a be r(6). Suppose -56*s + a = 180. Calculate the greatest common divisor of 135 and s.
15
Let i(b) = -2*b**2 - 4*b - 7. Let q be i(-6). Let h be 39/(150/q + 3). What is the greatest common factor of 11 and h?
11
Let s = 2261 - 1061. Suppose o + 11*o - s = 0. Calculate the highest common divisor of 20 and o.
20
Let i(t) = -214*t - 7686. Let d be i(-36). Calculate the greatest common factor of d and 14211.
9
Let b = -366 + 357. Let x(z) be the first derivative of -3*z**2 - 8*z - 1. Let a be x(b). What is the greatest common factor of 230 and a?
46
Let d be (-1078)/(-18) + 3/27. What is the highest common factor of 156 and d?
12
Let d be 2/(7/(-10 + 3)). Let q(f) = 2*f**2 + 61*f + 119. Let v be q(d). Calculate the highest common factor of 445 and v.
5
Let p = -1030 - -1034. Suppose 0 = 5*n - p*k - 5292, -5*k = 49*n - 54*n + 5290. Calculate the greatest common factor of 20 and n.
20
Let u = 5924 - 2914. What is the greatest common factor of 140 and u?
70
Suppose -3*l - 302 = -x, x = -x - l + 604. Suppose 0 = -2*i + w + 985, -5*i - 1544 = -w - 4002. Let a = i - x. Calculate the greatest common factor of 21 and a.
21
Let f(a) = -3*a**3 - 3*a**2 - 109*a - 1282. Let l be f(-20). What is the highest common factor of 68 and l?
34
Let v be ((-36)/(-15))/((-25)/(-2375)). Suppose 0*u = -w + 4*u + v, 3*w - 4*u - 660 = 0. What is the greatest common factor of 27 and w?
27
Let c = -161 + 252. Suppose -5*h = 3*w - c, -5*w + 3*h = -233 + 36. Suppose -26*p = -1118 - 5616. Calculate the highest common divisor of w and p.
37
Let c be ((-12)/(-10))/(1/20). Let x be 6/9 - 22/33. Let m be (x + 9)*(-8)/(-12). What is the greatest common factor of m and c?
6
Let g(h) = -282*h**2 - 7*h + 1. Let y be g(1). Let q = y - -324. What is the highest common divisor of 44 and q?
4
Suppose 3*x = 2*u + 34, 5*x + 3*u + 79 = 180. What is the highest common divisor of 71 and x?
1
Let t(d) = 117*d - 6454. Let s be t(95). What is the greatest common factor of s and 59?
59
Let m(v) = 2. Let r(n) = -27*n - 39. Let b(h) = -2*m(h) - r(h). Let w be b(7). Let s = -13 + 45. Calculate the highest common factor of s and w.
32
Suppose -483 - 231 - 6 = -20*f. Let m be ((-36)/10)/((-10)/1300). What is the highest common factor of m and f?
36
Suppose 5 = 6*z - 5*z. Suppose 0 = 5*p + 5*s, -5*s = 4*p + z - 1. Suppose -2*r - 50 = -p*r. Calculate the greatest common factor of r and 10.
5
Suppose -b - 26 = 34. Let d be (b/(-14))/((-3)/(3 + -66)). Let k(s) = 2*s + 14. Let l be k(23). Calculate the highest common divisor of d and l.
30
Let d(n) = n**2 + 9*n + 25. Let g be d(-5). Suppose -10*w = -9*w + 22. Let q be 1*((-3)/(-1) - w). What is the highest common divisor of g and q?
5
Let y be ((-87070)/(-8) - -1) + ((-4158)/168 - -24). What is the greatest common factor of y and 48?
12
Suppose k + 3*k + 3*a = 157, -3*k + 96 = -5*a. Let g = -47 - k. Let c = -63 - g. Calculate the greatest common factor of 3 and c.
3
Suppose -2*n + y - 5*y = -28, -5*y - 25 = 0. Let o be 294/102 + (-2)/(-17). Suppose -9*f = -o*f - 144. What is the highest common divisor of f and n?
24
Let j(g) = -g**3 - 27*g**2 + 54*g - 32. Let t be j(-29). Let o = -121 + 233. Calculate the highest common factor of t and o.
28
Let j(a) = 207*a + 7906. Let q be j(-37). Let l = -24 - -43. Calculate the highest common divisor of l and q.
19
Let h(d) = 388*d - 429. Let t be h(8). What is the greatest common factor of t and 321?
107
Suppose 197*m = 4*t + 192*m - 6378, 3174 = 2*t - 5*m. What is the highest common factor of 18 and t?
18
Suppose 0 = 61*a - 25*a - 7020. Suppose 0 = -5*i, 5*i - 5 = 3*k - 50. What is the highest common factor of k and a?
15
Suppose -106 = 15*y + 269. Let u(l) = l**2 + 32*l + 180. Let x be u(y). Calculate the greatest common factor of x and 355.
5
Let k(f) be the first derivative of f**4/4 + 4*f**3/3 - 37*f**2/2 - 12*f + 255. Let q be k(-7). Calculate the highest common divisor of 60 and q.
20
Let z be (18/(-2))/((-13)/39). Let i(h) = 56*h - z*h + 12 + h**2 - 31*h. Let n be i(3). Calculate the highest common divisor of 9 and n.
3
Suppose 5*a - 46259 = -2*g, -2*g - 140*a + 46280 = -142*a. What is the highest common factor of g and 17?
17
Let l be (-1)/5 - (-1898)/65. Suppose 5*b - r - 3*r - 90 = 0, 0 = 2*b - 3*r - l. What is the highest common divisor of 2 and b?
2
Suppose -63*s + 20*s = 32*s - 22125. What is the highest common divisor of s and 1298?
59
Let s = -5 - -13. Let w(z) = -16*z**2 + 43*z - 182. Let v be w(4). Let i = v - -290. Calculate the highest common divisor of i and s.
8
Let z be ((-30)/12)/(15/(-36)). Suppose z = 6*j - 6. Let h = -3 - -6. Calculate the hig